{"id":3057,"date":"2020-03-11T11:03:21","date_gmt":"2020-03-11T11:03:21","guid":{"rendered":"https:\/\/old.harmoniapalota.hu\/?page_id=3057"},"modified":"2023-05-31T09:15:31","modified_gmt":"2023-05-31T09:15:31","slug":"esemenynaptar","status":"publish","type":"page","link":"https:\/\/old.harmoniapalota.hu\/?page_id=3057","title":{"rendered":"Esem\u00e9nynapt\u00e1r"},"content":{"rendered":"<div id=\"pl-3057\"  class=\"panel-layout\" ><div id=\"pg-3057-0\"  class=\"panel-grid panel-has-style\" ><div class=\"siteorigin-panels-stretch iw-large panel-row-style panel-row-style-for-3057-0\" style=\"padding: 100px 0; \" data-stretch-type=\"full-stretched\" data-overlay=\"true\" data-overlay-color=\"#000000\" ><div id=\"pgc-3057-0-0\"  class=\"panel-grid-cell\" ><div id=\"panel-3057-0-0-0\" class=\"so-panel widget widget_sow-hero panel-first-child panel-last-child\" data-index=\"0\" ><div class=\"hero-section panel-widget-style panel-widget-style-for-3057-0-0-0\" style=\"text-align: left;\" id=\"hero-section\" data-title-color=\"#ffffff\" data-headings-color=\"#ffffff\" ><div class=\"so-widget-sow-hero so-widget-sow-hero-default-b1c35e6672c8 so-widget-fittext-wrapper\" data-fit-text-compressor=\"0.85\"><div class=\"sow-slider-base \" style=\"display: none\"><ul class=\"sow-slider-images\" data-settings=\"{&quot;pagination&quot;:true,&quot;speed&quot;:800,&quot;timeout&quot;:8000,&quot;swipe&quot;:true,&quot;nav_always_show_mobile&quot;:&quot;&quot;,&quot;breakpoint&quot;:&quot;780px&quot;}\">\t\t<li class=\"sow-slider-image  sow-slider-image-cover\" style=\"background-color: #333333;background-image: url(https:\/\/old.harmoniapalota.hu\/wp-content\/uploads\/2020\/05\/eseme\u0301ny_nyitokep.jpg)\" >\n\t\t\t\t\t<div class=\"sow-slider-image-container\">\n\t\t\t<div class=\"sow-slider-image-wrapper\">\n\t\t\t\t<h1>Esem\u00e9nynapt\u00e1r<\/h1>\n\t\t\t<\/div>\n\t\t<\/div>\n\t\t\t\t<\/li>\n\t\t<\/ul>\t\t\t\t<ol class=\"sow-slider-pagination\">\n\t\t\t\t\t\t\t\t\t\t\t<li><a href=\"#\" data-goto=\"0\" aria-label=\"display slide 1\"><\/a><\/li>\n\t\t\t\t\t\t\t\t\t<\/ol>\n\n\t\t\t\t<div class=\"sow-slide-nav sow-slide-nav-next\">\n\t\t\t\t\t<a href=\"#\" data-goto=\"next\" aria-label=\"next slide\" data-action=\"next\">\n\t\t\t\t\t\t<em class=\"sow-sld-icon-thin-right\"><\/em>\n\t\t\t\t\t<\/a>\n\t\t\t\t<\/div>\n\n\t\t\t\t<div class=\"sow-slide-nav sow-slide-nav-prev\">\n\t\t\t\t\t<a href=\"#\" data-goto=\"previous\" aria-label=\"previous slide\" data-action=\"prev\">\n\t\t\t\t\t\t<em class=\"sow-sld-icon-thin-left\"><\/em>\n\t\t\t\t\t<\/a>\n\t\t\t\t<\/div>\n\t\t\t\t<\/div><\/div><\/div><\/div><\/div><\/div><\/div><div id=\"pg-3057-1\"  class=\"panel-grid panel-has-style\" ><div class=\"siteorigin-panels-stretch iw-med-dw panel-row-style panel-row-style-for-3057-1\" style=\"padding: 100px 0; \" data-stretch-type=\"full-stretched\" data-overlay=\"true\" data-overlay-color=\"#000000\" ><div id=\"pgc-3057-1-0\"  class=\"panel-grid-cell\" ><div id=\"panel-3057-1-0-0\" class=\"so-panel widget widget_sow-hero panel-first-child panel-last-child\" data-index=\"1\" ><div class=\"hero-section panel-widget-style panel-widget-style-for-3057-1-0-0\" style=\"text-align: left;\" id=\"hero-section\" data-title-color=\"#ffffff\" data-headings-color=\"#ffffff\" ><div class=\"so-widget-sow-hero so-widget-sow-hero-default-b1c35e6672c8 so-widget-fittext-wrapper\" data-fit-text-compressor=\"0.85\"><div class=\"sow-slider-base \" style=\"display: none\"><ul class=\"sow-slider-images\" data-settings=\"{&quot;pagination&quot;:true,&quot;speed&quot;:800,&quot;timeout&quot;:8000,&quot;swipe&quot;:true,&quot;nav_always_show_mobile&quot;:&quot;&quot;,&quot;breakpoint&quot;:&quot;780px&quot;}\">\t\t<li class=\"sow-slider-image  sow-slider-image-cover\" style=\"background-color: #333333;background-image: url(https:\/\/old.harmoniapalota.hu\/wp-content\/uploads\/2020\/04\/esemeny-scaled.jpg)\" >\n\t\t\t\t\t<div class=\"sow-slider-image-container\">\n\t\t\t<div class=\"sow-slider-image-wrapper\">\n\t\t\t\t<h1>Esem\u00e9nynapt\u00e1r<\/h1>\n\t\t\t<\/div>\n\t\t<\/div>\n\t\t\t\t<\/li>\n\t\t<\/ul>\t\t\t\t<ol class=\"sow-slider-pagination\">\n\t\t\t\t\t\t\t\t\t\t\t<li><a href=\"#\" data-goto=\"0\" aria-label=\"display slide 1\"><\/a><\/li>\n\t\t\t\t\t\t\t\t\t<\/ol>\n\n\t\t\t\t<div class=\"sow-slide-nav sow-slide-nav-next\">\n\t\t\t\t\t<a href=\"#\" data-goto=\"next\" aria-label=\"next slide\" data-action=\"next\">\n\t\t\t\t\t\t<em class=\"sow-sld-icon-thin-right\"><\/em>\n\t\t\t\t\t<\/a>\n\t\t\t\t<\/div>\n\n\t\t\t\t<div class=\"sow-slide-nav sow-slide-nav-prev\">\n\t\t\t\t\t<a href=\"#\" data-goto=\"previous\" aria-label=\"previous slide\" data-action=\"prev\">\n\t\t\t\t\t\t<em class=\"sow-sld-icon-thin-left\"><\/em>\n\t\t\t\t\t<\/a>\n\t\t\t\t<\/div>\n\t\t\t\t<\/div><\/div><\/div><\/div><\/div><\/div><\/div><div id=\"pg-3057-2\"  class=\"panel-grid panel-has-style\" ><div class=\"siteorigin-panels-stretch panel-row-style panel-row-style-for-3057-2\" style=\"padding: 100px 0; \" id=\"esemenylista\" data-stretch-type=\"full\" data-overlay=\"true\" data-overlay-color=\"#000000\" ><div id=\"pgc-3057-2-0\"  class=\"panel-grid-cell\" ><div id=\"panel-3057-2-0-0\" class=\"so-panel widget widget_sow-editor panel-first-child\" data-index=\"2\" ><div class=\"aos-init esemenynaptar-h1 panel-widget-style panel-widget-style-for-3057-2-0-0\" style=\"text-align: left;\" data-aos=\"fade-left\" data-aos-duration=\"900\" data-aos-easing=\"ease-in-out\" data-aos-delay=\"\" data-aos-anchor-placement=\"top-bottom\" data-aos-once=\"false\" id=\"lista-h1\" data-title-color=\"#443f3f\" data-headings-color=\"#443f3f\" ><div class=\"so-widget-sow-editor so-widget-sow-editor-base\">\n<div class=\"siteorigin-widget-tinymce textwidget\">\n\t<h1 style=\"text-align: center;\">Legk\u00f6zelebbi esem\u00e9nyeink<\/h1>\n<\/div>\n<\/div><\/div><\/div><div id=\"panel-3057-2-0-1\" class=\"widget_text so-panel widget widget_custom_html panel-last-child\" data-index=\"3\" ><div class=\"widget_text aos-init panel-widget-style panel-widget-style-for-3057-2-0-1\" style=\"text-align: left;\" data-aos=\"fade\" data-aos-duration=\"900\" data-aos-easing=\"ease-in-out-cubic\" data-aos-delay=\"300\" data-aos-anchor-placement=\"top-bottom\" data-aos-once=\"false\" data-title-color=\"#443f3f\" data-headings-color=\"#443f3f\" ><div class=\"textwidget custom-html-widget\">No Events<\/div><\/div><\/div><\/div><\/div><\/div><div id=\"pg-3057-3\"  class=\"panel-grid panel-has-style\" ><div class=\"siteorigin-panels-stretch iw-large panel-row-style panel-row-style-for-3057-3\" style=\"padding: 100px 0; \" id=\"naptar\" data-stretch-type=\"full\" data-overlay=\"true\" data-overlay-color=\"#000000\" ><div id=\"pgc-3057-3-0\"  class=\"panel-grid-cell\" ><div id=\"panel-3057-3-0-0\" class=\"so-panel widget widget_sow-editor panel-first-child\" data-index=\"4\" ><div class=\"aos-init panel-widget-style panel-widget-style-for-3057-3-0-0\" style=\"text-align: left;\" data-aos=\"fade-right\" data-aos-duration=\"900\" data-aos-easing=\"ease-out-cubic\" data-aos-delay=\"\" data-aos-anchor-placement=\"top-bottom\" data-aos-once=\"false\" data-title-color=\"#443f3f\" data-headings-color=\"#443f3f\" ><div class=\"so-widget-sow-editor so-widget-sow-editor-base\">\n<div class=\"siteorigin-widget-tinymce textwidget\">\n\t<h1 style=\"text-align: center;\">Napt\u00e1r<\/h1>\n<p>&nbsp;<\/p>\n<\/div>\n<\/div><\/div><\/div><div id=\"panel-3057-3-0-1\" class=\"so-panel widget widget_sow-editor panel-last-child\" data-index=\"5\" ><div class=\"aos-init panel-widget-style panel-widget-style-for-3057-3-0-1\" style=\"text-align: left;\" data-aos=\"fade\" data-aos-duration=\"900\" data-aos-easing=\"ease-out-cubic\" data-aos-delay=\"300\" data-aos-anchor-placement=\"top-bottom\" data-aos-once=\"false\" data-title-color=\"#443f3f\" data-headings-color=\"#443f3f\" ><div class=\"so-widget-sow-editor so-widget-sow-editor-base\">\n<div class=\"siteorigin-widget-tinymce textwidget\">\n\t<div id=\"em-calendar-124\" class=\"em-calendar-wrapper\"><table class=\"em-calendar fullcalendar\">\r\n\t<thead>\r\n\t\t<tr>\r\n\t\t\t<td><a class=\"em-calnav full-link em-calnav-prev\" href=\"\/index.php?rest_route=%2Fwp%2Fv2%2Fpages%2F3057&#038;full=1&#038;long_events=1&#038;ajaxCalendar=1&#038;mo=3&#038;yr=2026\">&lt;&lt;<\/a><\/td>\r\n\t\t\t<td class=\"month_name\" colspan=\"5\">2026 \u00e1prilis<\/td>\r\n\t\t\t<td><a class=\"em-calnav full-link em-calnav-next\" href=\"\/index.php?rest_route=%2Fwp%2Fv2%2Fpages%2F3057&#038;full=1&#038;long_events=1&#038;ajaxCalendar=1&#038;mo=5&#038;yr=2026\">&gt;&gt;<\/a><\/td>\r\n\t\t<\/tr>\r\n\t<\/thead>\r\n\t<tbody>\r\n\t\t<tr class=\"days-names\">\r\n\t\t\t<td>h\u00e9tf\u0151<\/td><td>kedd<\/td><td>szerda<\/td><td>cs\u00fct\u00f6rt\u00f6k<\/td><td>p\u00e9ntek<\/td><td>szombat<\/td><td>vas\u00e1rnap<\/td>\r\n\t\t<\/tr>\r\n\t\t<tr>\r\n\t\t\t\t\t\t\t<td class=\"eventless-pre\">\r\n\t\t\t\t\t\t\t\t\t\t30\t\t\t\t\t\t\t\t\t<\/td>\r\n\t\t\t\t\t\t\t\t<td class=\"eventless-pre\">\r\n\t\t\t\t\t\t\t\t\t\t31\t\t\t\t\t\t\t\t\t<\/td>\r\n\t\t\t\t\t\t\t\t<td class=\"eventless\">\r\n\t\t\t\t\t\t\t\t\t\t1\t\t\t\t\t\t\t\t\t<\/td>\r\n\t\t\t\t\t\t\t\t<td class=\"eventless\">\r\n\t\t\t\t\t\t\t\t\t\t2\t\t\t\t\t\t\t\t\t<\/td>\r\n\t\t\t\t\t\t\t\t<td class=\"eventless\">\r\n\t\t\t\t\t\t\t\t\t\t3\t\t\t\t\t\t\t\t\t<\/td>\r\n\t\t\t\t\t\t\t\t<td class=\"eventless\">\r\n\t\t\t\t\t\t\t\t\t\t4\t\t\t\t\t\t\t\t\t<\/td>\r\n\t\t\t\t\t\t\t\t<td class=\"eventless\">\r\n\t\t\t\t\t\t\t\t\t\t5\t\t\t\t\t\t\t\t\t<\/td>\r\n\t\t\t\t<\/tr><tr>\t\t\t\t<td class=\"eventless\">\r\n\t\t\t\t\t\t\t\t\t\t6\t\t\t\t\t\t\t\t\t<\/td>\r\n\t\t\t\t\t\t\t\t<td class=\"eventless\">\r\n\t\t\t\t\t\t\t\t\t\t7\t\t\t\t\t\t\t\t\t<\/td>\r\n\t\t\t\t\t\t\t\t<td class=\"eventless\">\r\n\t\t\t\t\t\t\t\t\t\t8\t\t\t\t\t\t\t\t\t<\/td>\r\n\t\t\t\t\t\t\t\t<td class=\"eventless\">\r\n\t\t\t\t\t\t\t\t\t\t9\t\t\t\t\t\t\t\t\t<\/td>\r\n\t\t\t\t\t\t\t\t<td class=\"eventless\">\r\n\t\t\t\t\t\t\t\t\t\t10\t\t\t\t\t\t\t\t\t<\/td>\r\n\t\t\t\t\t\t\t\t<td class=\"eventless\">\r\n\t\t\t\t\t\t\t\t\t\t11\t\t\t\t\t\t\t\t\t<\/td>\r\n\t\t\t\t\t\t\t\t<td class=\"eventless\">\r\n\t\t\t\t\t\t\t\t\t\t12\t\t\t\t\t\t\t\t\t<\/td>\r\n\t\t\t\t<\/tr><tr>\t\t\t\t<td class=\"eventless\">\r\n\t\t\t\t\t\t\t\t\t\t13\t\t\t\t\t\t\t\t\t<\/td>\r\n\t\t\t\t\t\t\t\t<td class=\"eventless\">\r\n\t\t\t\t\t\t\t\t\t\t14\t\t\t\t\t\t\t\t\t<\/td>\r\n\t\t\t\t\t\t\t\t<td class=\"eventless\">\r\n\t\t\t\t\t\t\t\t\t\t15\t\t\t\t\t\t\t\t\t<\/td>\r\n\t\t\t\t\t\t\t\t<td class=\"eventless\">\r\n\t\t\t\t\t\t\t\t\t\t16\t\t\t\t\t\t\t\t\t<\/td>\r\n\t\t\t\t\t\t\t\t<td class=\"eventless\">\r\n\t\t\t\t\t\t\t\t\t\t17\t\t\t\t\t\t\t\t\t<\/td>\r\n\t\t\t\t\t\t\t\t<td class=\"eventless\">\r\n\t\t\t\t\t\t\t\t\t\t18\t\t\t\t\t\t\t\t\t<\/td>\r\n\t\t\t\t\t\t\t\t<td class=\"eventless\">\r\n\t\t\t\t\t\t\t\t\t\t19\t\t\t\t\t\t\t\t\t<\/td>\r\n\t\t\t\t<\/tr><tr>\t\t\t\t<td class=\"eventless-today\">\r\n\t\t\t\t\t\t\t\t\t\t20\t\t\t\t\t\t\t\t\t<\/td>\r\n\t\t\t\t\t\t\t\t<td class=\"eventless\">\r\n\t\t\t\t\t\t\t\t\t\t21\t\t\t\t\t\t\t\t\t<\/td>\r\n\t\t\t\t\t\t\t\t<td class=\"eventless\">\r\n\t\t\t\t\t\t\t\t\t\t22\t\t\t\t\t\t\t\t\t<\/td>\r\n\t\t\t\t\t\t\t\t<td class=\"eventless\">\r\n\t\t\t\t\t\t\t\t\t\t23\t\t\t\t\t\t\t\t\t<\/td>\r\n\t\t\t\t\t\t\t\t<td class=\"eventless\">\r\n\t\t\t\t\t\t\t\t\t\t24\t\t\t\t\t\t\t\t\t<\/td>\r\n\t\t\t\t\t\t\t\t<td class=\"eventless\">\r\n\t\t\t\t\t\t\t\t\t\t25\t\t\t\t\t\t\t\t\t<\/td>\r\n\t\t\t\t\t\t\t\t<td class=\"eventless\">\r\n\t\t\t\t\t\t\t\t\t\t26\t\t\t\t\t\t\t\t\t<\/td>\r\n\t\t\t\t<\/tr><tr>\t\t\t\t<td class=\"eventless\">\r\n\t\t\t\t\t\t\t\t\t\t27\t\t\t\t\t\t\t\t\t<\/td>\r\n\t\t\t\t\t\t\t\t<td class=\"eventless\">\r\n\t\t\t\t\t\t\t\t\t\t28\t\t\t\t\t\t\t\t\t<\/td>\r\n\t\t\t\t\t\t\t\t<td class=\"eventless\">\r\n\t\t\t\t\t\t\t\t\t\t29\t\t\t\t\t\t\t\t\t<\/td>\r\n\t\t\t\t\t\t\t\t<td class=\"eventless\">\r\n\t\t\t\t\t\t\t\t\t\t30\t\t\t\t\t\t\t\t\t<\/td>\r\n\t\t\t\t\t\t\t\t<td class=\"eventless-post\">\r\n\t\t\t\t\t\t\t\t\t\t1\t\t\t\t\t\t\t\t\t<\/td>\r\n\t\t\t\t\t\t\t\t<td class=\"eventless-post\">\r\n\t\t\t\t\t\t\t\t\t\t2\t\t\t\t\t\t\t\t\t<\/td>\r\n\t\t\t\t\t\t\t\t<td class=\"eventless-post\">\r\n\t\t\t\t\t\t\t\t\t\t3\t\t\t\t\t\t\t\t\t<\/td>\r\n\t\t\t\t\t\t<\/tr>\r\n\t<\/tbody>\r\n<\/table><\/div>\n<p>&nbsp;<\/p>\n<\/div>\n<\/div><\/div><\/div><\/div><\/div><\/div><div id=\"pg-3057-4\"  class=\"panel-grid panel-has-style\" ><div class=\"siteorigin-panels-stretch iw-med-dw panel-row-style panel-row-style-for-3057-4\" style=\"padding: 100px 0; \" id=\"naptar\" data-stretch-type=\"full\" data-overlay=\"true\" data-overlay-color=\"#000000\" ><div id=\"pgc-3057-4-0\"  class=\"panel-grid-cell\" ><div id=\"panel-3057-4-0-0\" class=\"so-panel widget widget_sow-editor panel-first-child\" data-index=\"6\" ><div class=\"aos-init esemenynaptar-h1 panel-widget-style panel-widget-style-for-3057-4-0-0\" style=\"text-align: left;\" data-aos=\"fade-left\" data-aos-duration=\"900\" data-aos-easing=\"ease-in-out\" data-aos-delay=\"\" data-aos-anchor-placement=\"top-bottom\" data-aos-once=\"false\" id=\"naptar-h1\" data-title-color=\"#443f3f\" data-headings-color=\"#443f3f\" ><div class=\"so-widget-sow-editor so-widget-sow-editor-base\">\n<div class=\"siteorigin-widget-tinymce textwidget\">\n\t<h1 style=\"text-align: center;\">Napt\u00e1r<\/h1>\n<\/div>\n<\/div><\/div><\/div><div id=\"panel-3057-4-0-1\" class=\"so-panel widget widget_sow-editor panel-last-child\" data-index=\"7\" ><div class=\"aos-init panel-widget-style panel-widget-style-for-3057-4-0-1\" style=\"text-align: left;\" data-aos=\"fade\" data-aos-duration=\"900\" data-aos-easing=\"ease-out-cubic\" data-aos-delay=\"300\" data-aos-anchor-placement=\"top-bottom\" data-aos-once=\"false\" data-title-color=\"#443f3f\" data-headings-color=\"#443f3f\" ><div class=\"so-widget-sow-editor so-widget-sow-editor-base\">\n<div class=\"siteorigin-widget-tinymce textwidget\">\n\t<div id=\"em-calendar-100\" class=\"em-calendar-wrapper\"><table class=\"em-calendar\">\r\n\t<thead>\r\n\t\t<tr>\r\n\t\t\t<td><a class=\"em-calnav em-calnav-prev\" href=\"\/index.php?rest_route=%2Fwp%2Fv2%2Fpages%2F3057&#038;long_events=1&#038;ajaxCalendar=1&#038;mo=3&#038;yr=2026\" rel=\"nofollow\">&lt;&lt;<\/a><\/td>\r\n\t\t\t<td class=\"month_name\" colspan=\"5\">2026 \u00e1prilis<\/td>\r\n\t\t\t<td><a class=\"em-calnav em-calnav-next\" href=\"\/index.php?rest_route=%2Fwp%2Fv2%2Fpages%2F3057&#038;long_events=1&#038;ajaxCalendar=1&#038;mo=5&#038;yr=2026\" rel=\"nofollow\">&gt;&gt;<\/a><\/td>\r\n\t\t<\/tr>\r\n\t<\/thead>\r\n\t<tbody>\r\n\t\t<tr class=\"days-names\">\r\n\t\t\t<td>h<\/td><td>k<\/td><td>s<\/td><td>c<\/td><td>p<\/td><td>s<\/td><td>v<\/td>\r\n\t\t<\/tr>\r\n\t\t<tr>\r\n\t\t\t\t\t\t\t<td class=\"eventless-pre\">\r\n\t\t\t\t\t\t\t\t\t\t30\t\t\t\t\t\t\t\t\t<\/td>\r\n\t\t\t\t\t\t\t\t<td class=\"eventless-pre\">\r\n\t\t\t\t\t\t\t\t\t\t31\t\t\t\t\t\t\t\t\t<\/td>\r\n\t\t\t\t\t\t\t\t<td class=\"eventless\">\r\n\t\t\t\t\t\t\t\t\t\t1\t\t\t\t\t\t\t\t\t<\/td>\r\n\t\t\t\t\t\t\t\t<td class=\"eventless\">\r\n\t\t\t\t\t\t\t\t\t\t2\t\t\t\t\t\t\t\t\t<\/td>\r\n\t\t\t\t\t\t\t\t<td class=\"eventless\">\r\n\t\t\t\t\t\t\t\t\t\t3\t\t\t\t\t\t\t\t\t<\/td>\r\n\t\t\t\t\t\t\t\t<td class=\"eventless\">\r\n\t\t\t\t\t\t\t\t\t\t4\t\t\t\t\t\t\t\t\t<\/td>\r\n\t\t\t\t\t\t\t\t<td class=\"eventless\">\r\n\t\t\t\t\t\t\t\t\t\t5\t\t\t\t\t\t\t\t\t<\/td>\r\n\t\t\t\t<\/tr><tr>\t\t\t\t<td class=\"eventless\">\r\n\t\t\t\t\t\t\t\t\t\t6\t\t\t\t\t\t\t\t\t<\/td>\r\n\t\t\t\t\t\t\t\t<td class=\"eventless\">\r\n\t\t\t\t\t\t\t\t\t\t7\t\t\t\t\t\t\t\t\t<\/td>\r\n\t\t\t\t\t\t\t\t<td class=\"eventless\">\r\n\t\t\t\t\t\t\t\t\t\t8\t\t\t\t\t\t\t\t\t<\/td>\r\n\t\t\t\t\t\t\t\t<td class=\"eventless\">\r\n\t\t\t\t\t\t\t\t\t\t9\t\t\t\t\t\t\t\t\t<\/td>\r\n\t\t\t\t\t\t\t\t<td class=\"eventless\">\r\n\t\t\t\t\t\t\t\t\t\t10\t\t\t\t\t\t\t\t\t<\/td>\r\n\t\t\t\t\t\t\t\t<td class=\"eventless\">\r\n\t\t\t\t\t\t\t\t\t\t11\t\t\t\t\t\t\t\t\t<\/td>\r\n\t\t\t\t\t\t\t\t<td class=\"eventless\">\r\n\t\t\t\t\t\t\t\t\t\t12\t\t\t\t\t\t\t\t\t<\/td>\r\n\t\t\t\t<\/tr><tr>\t\t\t\t<td class=\"eventless\">\r\n\t\t\t\t\t\t\t\t\t\t13\t\t\t\t\t\t\t\t\t<\/td>\r\n\t\t\t\t\t\t\t\t<td class=\"eventless\">\r\n\t\t\t\t\t\t\t\t\t\t14\t\t\t\t\t\t\t\t\t<\/td>\r\n\t\t\t\t\t\t\t\t<td class=\"eventless\">\r\n\t\t\t\t\t\t\t\t\t\t15\t\t\t\t\t\t\t\t\t<\/td>\r\n\t\t\t\t\t\t\t\t<td class=\"eventless\">\r\n\t\t\t\t\t\t\t\t\t\t16\t\t\t\t\t\t\t\t\t<\/td>\r\n\t\t\t\t\t\t\t\t<td class=\"eventless\">\r\n\t\t\t\t\t\t\t\t\t\t17\t\t\t\t\t\t\t\t\t<\/td>\r\n\t\t\t\t\t\t\t\t<td class=\"eventless\">\r\n\t\t\t\t\t\t\t\t\t\t18\t\t\t\t\t\t\t\t\t<\/td>\r\n\t\t\t\t\t\t\t\t<td class=\"eventless\">\r\n\t\t\t\t\t\t\t\t\t\t19\t\t\t\t\t\t\t\t\t<\/td>\r\n\t\t\t\t<\/tr><tr>\t\t\t\t<td class=\"eventless-today\">\r\n\t\t\t\t\t\t\t\t\t\t20\t\t\t\t\t\t\t\t\t<\/td>\r\n\t\t\t\t\t\t\t\t<td class=\"eventless\">\r\n\t\t\t\t\t\t\t\t\t\t21\t\t\t\t\t\t\t\t\t<\/td>\r\n\t\t\t\t\t\t\t\t<td class=\"eventless\">\r\n\t\t\t\t\t\t\t\t\t\t22\t\t\t\t\t\t\t\t\t<\/td>\r\n\t\t\t\t\t\t\t\t<td class=\"eventless\">\r\n\t\t\t\t\t\t\t\t\t\t23\t\t\t\t\t\t\t\t\t<\/td>\r\n\t\t\t\t\t\t\t\t<td class=\"eventless\">\r\n\t\t\t\t\t\t\t\t\t\t24\t\t\t\t\t\t\t\t\t<\/td>\r\n\t\t\t\t\t\t\t\t<td class=\"eventless\">\r\n\t\t\t\t\t\t\t\t\t\t25\t\t\t\t\t\t\t\t\t<\/td>\r\n\t\t\t\t\t\t\t\t<td class=\"eventless\">\r\n\t\t\t\t\t\t\t\t\t\t26\t\t\t\t\t\t\t\t\t<\/td>\r\n\t\t\t\t<\/tr><tr>\t\t\t\t<td class=\"eventless\">\r\n\t\t\t\t\t\t\t\t\t\t27\t\t\t\t\t\t\t\t\t<\/td>\r\n\t\t\t\t\t\t\t\t<td class=\"eventless\">\r\n\t\t\t\t\t\t\t\t\t\t28\t\t\t\t\t\t\t\t\t<\/td>\r\n\t\t\t\t\t\t\t\t<td class=\"eventless\">\r\n\t\t\t\t\t\t\t\t\t\t29\t\t\t\t\t\t\t\t\t<\/td>\r\n\t\t\t\t\t\t\t\t<td class=\"eventless\">\r\n\t\t\t\t\t\t\t\t\t\t30\t\t\t\t\t\t\t\t\t<\/td>\r\n\t\t\t\t\t\t\t\t<td class=\"eventless-post\">\r\n\t\t\t\t\t\t\t\t\t\t1\t\t\t\t\t\t\t\t\t<\/td>\r\n\t\t\t\t\t\t\t\t<td class=\"eventless-post\">\r\n\t\t\t\t\t\t\t\t\t\t2\t\t\t\t\t\t\t\t\t<\/td>\r\n\t\t\t\t\t\t\t\t<td class=\"eventless-post\">\r\n\t\t\t\t\t\t\t\t\t\t3\t\t\t\t\t\t\t\t\t<\/td>\r\n\t\t\t\t\t\t<\/tr>\r\n\t<\/tbody>\r\n<\/table><\/div>\n<p>&nbsp;<\/p>\n<\/div>\n<\/div><\/div><\/div><\/div><\/div><\/div><\/div>","protected":false},"excerpt":{"rendered":"<p>Esem\u00e9nynapt\u00e1r Esem\u00e9nynapt\u00e1r Legk\u00f6zelebbi esem\u00e9nyeink No Events Napt\u00e1r &nbsp; &lt;&lt; 2026 \u00e1prilis &gt;&gt; h\u00e9tf\u0151keddszerdacs\u00fct\u00f6rt\u00f6kp\u00e9ntekszombatvas\u00e1rnap 30 31 1 2 3 4 5 6 7 8 9 10 11 12 13 14 15 16 17 18 19 20 21 22 23 24 25 26 27 28 29 30 [&hellip;]<\/p>\n","protected":false},"author":3,"featured_media":0,"parent":0,"menu_order":0,"comment_status":"closed","ping_status":"closed","template":"page-templates\/page_front-page.php","meta":{"footnotes":""},"class_list":["post-3057","page","type-page","status-publish","hentry"],"yoast_head":"<!-- This site is optimized with the Yoast SEO plugin v14.2 - https:\/\/yoast.com\/wordpress\/plugins\/seo\/ -->\n<title>Esem\u00e9nynapt\u00e1r | Harm\u00f3nia Palota Budapest - Rendezv\u00e9nytermek<\/title>\n<meta name=\"description\" content=\"Esem\u00e9nynapt\u00e1runkban eg\u00e9sz \u00e9vben ismert hazai \u00e9s k\u00fclf\u00f6ldi el\u0151ad\u00f3k \u00e9s oktat\u00f3k tematikus tanfolyamait, el\u0151ad\u00e1sait \u00e9s k\u00e9pz\u00e9seit tal\u00e1lhatj\u00e1k meg az \u00e9rdekl\u0151d\u0151k.\" \/>\n<meta name=\"robots\" content=\"index, follow\" \/>\n<meta name=\"googlebot\" content=\"index, follow, max-snippet:-1, max-image-preview:large, max-video-preview:-1\" \/>\n<meta name=\"bingbot\" content=\"index, follow, max-snippet:-1, max-image-preview:large, max-video-preview:-1\" \/>\n<link rel=\"canonical\" href=\"https:\/\/old.harmoniapalota.hu\/esemenynaptar\" \/>\n<meta property=\"og:locale\" content=\"hu_HU\" \/>\n<meta property=\"og:type\" content=\"article\" \/>\n<meta property=\"og:title\" content=\"Esem\u00e9nynapt\u00e1r | Harm\u00f3nia Palota Budapest - Rendezv\u00e9nytermek\" \/>\n<meta property=\"og:description\" content=\"Esem\u00e9nynapt\u00e1runkban eg\u00e9sz \u00e9vben ismert hazai \u00e9s k\u00fclf\u00f6ldi el\u0151ad\u00f3k \u00e9s oktat\u00f3k tematikus tanfolyamait, el\u0151ad\u00e1sait \u00e9s k\u00e9pz\u00e9seit tal\u00e1lhatj\u00e1k meg az \u00e9rdekl\u0151d\u0151k.\" \/>\n<meta property=\"og:url\" content=\"https:\/\/old.harmoniapalota.hu\/esemenynaptar\/\" \/>\n<meta property=\"og:site_name\" content=\"Harm\u00f3nia Palota\" \/>\n<meta property=\"article:modified_time\" content=\"2023-05-31T09:15:31+00:00\" \/>\n<meta name=\"twitter:card\" content=\"summary_large_image\" \/>\n<script type=\"application\/ld+json\" class=\"yoast-schema-graph\">{\"@context\":\"https:\/\/schema.org\",\"@graph\":[{\"@type\":\"WebSite\",\"@id\":\"https:\/\/old.harmoniapalota.hu\/#website\",\"url\":\"https:\/\/old.harmoniapalota.hu\/\",\"name\":\"Harm\\u00f3nia Palota\",\"description\":\"\",\"potentialAction\":[{\"@type\":\"SearchAction\",\"target\":\"https:\/\/old.harmoniapalota.hu\/?s={search_term_string}\",\"query-input\":\"required name=search_term_string\"}],\"inLanguage\":\"hu\"},{\"@type\":\"WebPage\",\"@id\":\"https:\/\/old.harmoniapalota.hu\/esemenynaptar\/#webpage\",\"url\":\"https:\/\/old.harmoniapalota.hu\/esemenynaptar\/\",\"name\":\"Esem\\u00e9nynapt\\u00e1r | Harm\\u00f3nia Palota Budapest - Rendezv\\u00e9nytermek\",\"isPartOf\":{\"@id\":\"https:\/\/old.harmoniapalota.hu\/#website\"},\"datePublished\":\"2020-03-11T11:03:21+00:00\",\"dateModified\":\"2023-05-31T09:15:31+00:00\",\"description\":\"Esem\\u00e9nynapt\\u00e1runkban eg\\u00e9sz \\u00e9vben ismert hazai \\u00e9s k\\u00fclf\\u00f6ldi el\\u0151ad\\u00f3k \\u00e9s oktat\\u00f3k tematikus tanfolyamait, el\\u0151ad\\u00e1sait \\u00e9s k\\u00e9pz\\u00e9seit tal\\u00e1lhatj\\u00e1k meg az \\u00e9rdekl\\u0151d\\u0151k.\",\"inLanguage\":\"hu\",\"potentialAction\":[{\"@type\":\"ReadAction\",\"target\":[\"https:\/\/old.harmoniapalota.hu\/esemenynaptar\/\"]}]}]}<\/script>\n<!-- \/ Yoast SEO plugin. -->","_links":{"self":[{"href":"https:\/\/old.harmoniapalota.hu\/index.php?rest_route=\/wp\/v2\/pages\/3057","targetHints":{"allow":["GET"]}}],"collection":[{"href":"https:\/\/old.harmoniapalota.hu\/index.php?rest_route=\/wp\/v2\/pages"}],"about":[{"href":"https:\/\/old.harmoniapalota.hu\/index.php?rest_route=\/wp\/v2\/types\/page"}],"author":[{"embeddable":true,"href":"https:\/\/old.harmoniapalota.hu\/index.php?rest_route=\/wp\/v2\/users\/3"}],"replies":[{"embeddable":true,"href":"https:\/\/old.harmoniapalota.hu\/index.php?rest_route=%2Fwp%2Fv2%2Fcomments&post=3057"}],"version-history":[{"count":92,"href":"https:\/\/old.harmoniapalota.hu\/index.php?rest_route=\/wp\/v2\/pages\/3057\/revisions"}],"predecessor-version":[{"id":5924,"href":"https:\/\/old.harmoniapalota.hu\/index.php?rest_route=\/wp\/v2\/pages\/3057\/revisions\/5924"}],"wp:attachment":[{"href":"https:\/\/old.harmoniapalota.hu\/index.php?rest_route=%2Fwp%2Fv2%2Fmedia&parent=3057"}],"curies":[{"name":"wp","href":"https:\/\/api.w.org\/{rel}","templated":true}]}}